{"id":98,"date":"2019-09-30T14:33:01","date_gmt":"2019-09-30T14:33:01","guid":{"rendered":"http:\/\/mobile-markthuetten.de\/?page_id=98"},"modified":"2021-09-22T13:21:14","modified_gmt":"2021-09-22T13:21:14","slug":"das-konzept","status":"publish","type":"page","link":"https:\/\/mobile-markthuetten.de\/das-konzept\/","title":{"rendered":"Konzept"},"content":{"rendered":"<p><strong>Die Markth\u00fctte<\/strong><\/p>\n<ul>\n<li>ist aus massiven, witterungsbest\u00e4ndigen Siebdruckplatten<\/li>\n<li>ist 3m (B) x 2,5m (T) x 2m (H) gro\u00df<\/li>\n<li>inklusive einklemmbarer Theke: 2m x 20cm<\/li>\n<li>inklusive 3 Regalen f\u00fcr die Hinterwand: \u00e0 1,50m x 20cm<\/li>\n<li>hat an beiden Seitenteilen eine T\u00fcr<\/li>\n<li>hat keinen Boden<\/li>\n<li>ist in ca. 10 Minuten auf- bzw. abgebaut<\/li>\n<\/ul>\n<p><strong>Es gilt:<\/strong><\/p>\n<ul>\n<li>Mindestabnahme 4 St\u00fcck<\/li>\n<li>bis zu 20 H\u00fctten verf\u00fcgbar<\/li>\n<li>Anh\u00e4nger vorhanden<\/li>\n<li>Auf- und Abbau nach Vereinbarung &#8211; vorzugsweise nicht Samstag oder Sonntag<\/li>\n<li>Abrechnung pro Veranstaltung und H\u00fctte<\/li>\n<\/ul>\n<p><strong>Von Dir zu stellen:<\/strong><\/p>\n<ul>\n<li>KFZ mit Anh\u00e4ngerkupplung<\/li>\n<li>zum Auf- und Abbau sind 4-6 (kr\u00e4ftige) Personen<\/li>\n<\/ul>\n<hr \/>\n<p><a href=\"http:\/\/mobile-markthuetten.de\/wp-content\/uploads\/2019\/10\/Skizze_Markth\u00fctte.jpg\"><img loading=\"lazy\" decoding=\"async\" class=\"aligncenter size-large wp-image-177\" src=\"http:\/\/mobile-markthuetten.de\/wp-content\/uploads\/2019\/10\/Skizze_Markth\u00fctte-1024x778.jpg\" alt=\"\" width=\"688\" height=\"523\" srcset=\"https:\/\/mobile-markthuetten.de\/wp-content\/uploads\/2019\/10\/Skizze_Markth\u00fctte-1024x778.jpg 1024w, https:\/\/mobile-markthuetten.de\/wp-content\/uploads\/2019\/10\/Skizze_Markth\u00fctte-300x228.jpg 300w, https:\/\/mobile-markthuetten.de\/wp-content\/uploads\/2019\/10\/Skizze_Markth\u00fctte-768x584.jpg 768w, https:\/\/mobile-markthuetten.de\/wp-content\/uploads\/2019\/10\/Skizze_Markth\u00fctte-1600x1216.jpg 1600w\" sizes=\"auto, (max-width: 688px) 100vw, 688px\" \/><\/a><\/p>\n<p>\u00a0<\/p>\n<hr \/>\n<p><strong>Markth\u00fctte buchen:<\/strong><\/p>\n<ul>\n<li>gehe auf den Kalender<\/li>\n<li>w\u00e4hle den gew\u00fcnschten Auf- und Abbau-Termin aus<\/li>\n<li>w\u00e4hle die Anzahl der Markth\u00fctten aus <em>(4 Mindestabnahme | 20 H\u00fctten maximal verf\u00fcgbar)<\/em><\/li>\n<li>trage Deine Daten ein<\/li>\n<li>sende Deine Reservierungsanfrage<\/li>\n<li>warte auf eine Reservierungsbest\u00e4tigung von uns<br \/><hr \/><\/li>\n<\/ul>\n<p><strong>Wozu verpflichtet sich der Veranstalter:<\/strong><\/p>\n<ul>\n<li>Die Markth\u00fctten maximal zu dem vereinbarten Leihpreis an den Standbetreiber weiterzugeben<\/li>\n<li>Ein Fahrzeug mit Anh\u00e4ngerkupplung zu stellen<\/li>\n<li>F\u00fcr den Auf- und Abbau 4-6 motivierte und kr\u00e4ftige Personen zu stellen<\/li>\n<li>Daf\u00fcr zu sorgen, dass das Veranstaltungsgel\u00e4nde mit dem Anh\u00e4nger f\u00fcr den Auf- und Abbau angefahren werden kann<\/li>\n<li>Die Publikationsschilder &#8222;Gef\u00f6rdert durch&#8220; an den H\u00fctten sichtbar platziert werden<\/li>\n<li>Keine N\u00e4gel\/Schrauben in die W\u00e4nde geh\u00e4mmert\/geschraubt werden <em>(Es sind Schraubhaken in den W\u00e4nden und der Klappe, die zum Aufh\u00e4ngen verwendet werden k\u00f6nnen. Die Schraubhaken k\u00f6nnen auch z.B. mit Draht verbunden werden, um dann Dinge dran aufzuh\u00e4ngen)<\/em><\/li>\n<li>Die Markth\u00fctten zum Abbau sauber und leer zu \u00fcbergeben<br \/><hr \/><\/li>\n<\/ul>\n<p><strong>Was ist nicht enthalten? Woran sollten Sie denken?<\/strong><\/p>\n<ul>\n<li>Vorh\u00e4ngeschl\u00f6sser sind nicht enthalten. Da jede H\u00fctte zwei T\u00fcren hat, bitte entsprechend Vorh\u00e4ngeschl\u00f6sser vorhalten oder die Betreiber bitten, jeweils zwei\u00a0 mitzubringen.<\/li>\n<li>Die H\u00fctte verf\u00fcgt \u00fcber <strong>KEINEN<\/strong> Boden.<\/li>\n<\/ul>\n\n\n<p><\/p>\n","protected":false},"excerpt":{"rendered":"<p>Die Markth\u00fctte ist aus massiven, witterungsbest\u00e4ndigen Siebdruckplatten ist 3m (B) x 2,5m (T) x 2m (H) gro\u00df inklusive einklemmbarer Theke:&hellip;<\/p>\n","protected":false},"author":1,"featured_media":0,"parent":0,"menu_order":0,"comment_status":"closed","ping_status":"closed","template":"","meta":{"footnotes":""},"class_list":["post-98","page","type-page","status-publish","hentry"],"_links":{"self":[{"href":"https:\/\/mobile-markthuetten.de\/wp-json\/wp\/v2\/pages\/98","targetHints":{"allow":["GET"]}}],"collection":[{"href":"https:\/\/mobile-markthuetten.de\/wp-json\/wp\/v2\/pages"}],"about":[{"href":"https:\/\/mobile-markthuetten.de\/wp-json\/wp\/v2\/types\/page"}],"author":[{"embeddable":true,"href":"https:\/\/mobile-markthuetten.de\/wp-json\/wp\/v2\/users\/1"}],"replies":[{"embeddable":true,"href":"https:\/\/mobile-markthuetten.de\/wp-json\/wp\/v2\/comments?post=98"}],"version-history":[{"count":33,"href":"https:\/\/mobile-markthuetten.de\/wp-json\/wp\/v2\/pages\/98\/revisions"}],"predecessor-version":[{"id":252,"href":"https:\/\/mobile-markthuetten.de\/wp-json\/wp\/v2\/pages\/98\/revisions\/252"}],"wp:attachment":[{"href":"https:\/\/mobile-markthuetten.de\/wp-json\/wp\/v2\/media?parent=98"}],"curies":[{"name":"wp","href":"https:\/\/api.w.org\/{rel}","templated":true}]}}

<p><strong>Die Markthütte</strong></p>
<ul>
<li>ist aus massiven, witterungsbeständigen Siebdruckplatten</li>
<li>ist 3m (B) x 2,5m (T) x 2m (H) groß</li>
<li>inklusive einklemmbarer Theke: 2m x 20cm</li>
<li>inklusive 3 Regalen für die Hinterwand: à 1,50m x 20cm</li>
<li>hat an beiden Seitenteilen eine Tür</li>
<li>hat keinen Boden</li>
<li>ist in ca. 10 Minuten auf- bzw. abgebaut</li>
</ul>
<p><strong>Es gilt:</strong></p>
<ul>
<li>Mindestabnahme 4 Stück</li>
<li>bis zu 20 Hütten verfügbar</li>
<li>Anhänger vorhanden</li>
<li>Auf- und Abbau nach Vereinbarung &#8211; vorzugsweise nicht Samstag oder Sonntag</li>
<li>Abrechnung pro Veranstaltung und Hütte</li>
</ul>
<p><strong>Von Dir zu stellen:</strong></p>
<ul>
<li>KFZ mit Anhängerkupplung</li>
<li>zum Auf- und Abbau sind 4-6 (kräftige) Personen</li>
</ul>
<hr />
<p><a href="http://mobile-markthuetten.de/wp-content/uploads/2019/10/Skizze_Markthütte.jpg"><img loading="lazy" decoding="async" class="aligncenter size-large wp-image-177" src="http://mobile-markthuetten.de/wp-content/uploads/2019/10/Skizze_Markthütte-1024x778.jpg" alt="" width="688" height="523" srcset="https://mobile-markthuetten.de/wp-content/uploads/2019/10/Skizze_Markthütte-1024x778.jpg 1024w, https://mobile-markthuetten.de/wp-content/uploads/2019/10/Skizze_Markthütte-300x228.jpg 300w, https://mobile-markthuetten.de/wp-content/uploads/2019/10/Skizze_Markthütte-768x584.jpg 768w, https://mobile-markthuetten.de/wp-content/uploads/2019/10/Skizze_Markthütte-1600x1216.jpg 1600w" sizes="auto, (max-width: 688px) 100vw, 688px" /></a></p>
<p> </p>
<hr />
<p><strong>Markthütte buchen:</strong></p>
<ul>
<li>gehe auf den Kalender</li>
<li>wähle den gewünschten Auf- und Abbau-Termin aus</li>
<li>wähle die Anzahl der Markthütten aus <em>(4 Mindestabnahme | 20 Hütten maximal verfügbar)</em></li>
<li>trage Deine Daten ein</li>
<li>sende Deine Reservierungsanfrage</li>
<li>warte auf eine Reservierungsbestätigung von uns<br /><hr /></li>
</ul>
<p><strong>Wozu verpflichtet sich der Veranstalter:</strong></p>
<ul>
<li>Die Markthütten maximal zu dem vereinbarten Leihpreis an den Standbetreiber weiterzugeben</li>
<li>Ein Fahrzeug mit Anhängerkupplung zu stellen</li>
<li>Für den Auf- und Abbau 4-6 motivierte und kräftige Personen zu stellen</li>
<li>Dafür zu sorgen, dass das Veranstaltungsgelände mit dem Anhänger für den Auf- und Abbau angefahren werden kann</li>
<li>Die Publikationsschilder &#8222;Gefördert durch&#8220; an den Hütten sichtbar platziert werden</li>
<li>Keine Nägel/Schrauben in die Wände gehämmert/geschraubt werden <em>(Es sind Schraubhaken in den Wänden und der Klappe, die zum Aufhängen verwendet werden können. Die Schraubhaken können auch z.B. mit Draht verbunden werden, um dann Dinge dran aufzuhängen)</em></li>
<li>Die Markthütten zum Abbau sauber und leer zu übergeben<br /><hr /></li>
</ul>
<p><strong>Was ist nicht enthalten? Woran sollten Sie denken?</strong></p>
<ul>
<li>Vorhängeschlösser sind nicht enthalten. Da jede Hütte zwei Türen hat, bitte entsprechend Vorhängeschlösser vorhalten oder die Betreiber bitten, jeweils zwei  mitzubringen.</li>
<li>Die Hütte verfügt über <strong>KEINEN</strong> Boden.</li>
</ul>


<p></p>

<p>Die Markthütte ist aus massiven, witterungsbeständigen Siebdruckplatten ist 3m (B) x 2,5m (T) x 2m (H) groß inklusive einklemmbarer Theke:&hellip;</p>
